when 8 is divided by -1*-6*a/2?
2
Let r = 20 + 1. Let j = -76 - -87. Calculate the remainder when r is divided by j.
10
Suppose u + 12 = c, 5*c + 3*u = 10*c - 52. Let k = -7 + 38. Calculate the remainder when k is divided by c.
7
Let i = -796 - -807. What is the remainder when 52 is divided by i?
8
Suppose -9*m - 661 = -7942. What is the remainder when m is divided by 45?
44
Let c(w) = w**2 + 7*w - 3. Let m be c(-8). Suppose 0 = m*f + 62 - 7. Let o(t) = -5*t - 14. What is the remainder when o(f) is divided by 11?
8
Calculate the remainder when 373 is divided by ((133/2)/7)/(7/14).
12
Let v(f) = f**2 - 15*f - 27. Let u be v(17). Suppose -29 - u = -9*y. What is the remainder when 9 is divided by y?
1
Let o = -169 + 180. Suppose -5*c = 2*n - 8 - 24, -3*c - n + 19 = 0. Suppose -c - o = -l. What is the remainder when 65 is divided by l?
14
Let u(p) = -p**2 + 6*p + 445. Calculate the remainder when 157 is divided by u(24).
1
Suppose 6*o - 17 = q + 2*o, 1 = o. Let j(l) = -l**3 - 12*l**2 + 13*l + 3. What is the remainder when j(q) is divided by 1?
0
Suppose 2*h + h + 9 = 0, 2*z - 11 = -3*h. Let m be 4/z + (-22)/5. Calculate the remainder when 29 is divided by -6 - m - -14 - 2.
9
Suppose 10*b - 14 = -h + 6*b, 3*b - 13 = -2*h. What is the remainder when 63 is divided by (h - 51/(-2))*4/5?
19
What is the remainder when 1363 is divided by -3*(-20)/(-4)*(0 - 1)?
13
Let k = 186 - 115. What is the remainder when 197 is divided by k?
55
Let c(k) = 74*k**3 + k**2 + k - 1. Let j be c(1). Let q = -45 + j. Suppose 3*p = 4*u - 41, 2*p = 3*u - 0*p - 31. What is the remainder when q is divided by u?
8
Let z(h) = 37*h**2 - 4*h + 3. Let u be -2 - -1 - (-4)/(-2). Calculate the remainder when z(1) is divided by (-2)/u*(-39)/(-2).
10
Let z(k) = -7*k - 120. What is the remainder when 406 is divided by z(-22)?
32
Let z(d) = 2*d. Suppose -3*a + a - 2 = 4*w, 5*w = 2*a - 43. What is the remainder when z(11) is divided by a/2 - (-7)/14?
2
Let u = 2502 + -1740. Suppose 4*v - 5*h = u + 122, 0 = 4*h. Calculate the remainder when v is divided by 14.
11
Let f be ((-2)/6)/(3/(-117)). Let m = -2 + f. What is the remainder when -4*(-395)/40 - 3/(-2) is divided by m?
8
Let a(t) = -9*t - 44. Calculate the remainder when 67 is divided by a(-8).
11
Suppose 2*z - 3*k = -9, 2*z = z - 4*k + 23. Calculate the remainder when (2 + (-3)/z)/(5/180) is divided by 10.
6
Let q(r) = -r**3 - 3*r**2 + 2. Let z be q(-3). Let m = 2 + z. Suppose -4*f - 160 = -m*j, 2*j - 95 = 5*f - 0*f. Calculate the remainder when j is divided by 6.
5
Let p(s) = -s + 17. Let z = 359 - 214. Suppose j - 6*j + z = 0. Calculate the remainder when j is divided by p(7).
9
Let p(x) = -7*x**2 - 50*x + 6. Calculate the remainder when p(-5) is divided by 18.
9
Let c(n) = -9*n - 66. What is the remainder when 509 is divided by c(-13)?
50
Calculate the remainder when (-24 - -28) + (57 - -1) is divided by 18.
8
Let k = -66 - -113. Let p(q) = q + 36. Calculate the remainder when k is divided by p(-12).
23
Suppose c + 810 = -8*c. Calculate the remainder when c/(-18) + 48 + -1 is divided by 11.
8
Let i be (84/20)/7 - 114/(-10). Suppose 204 = 2*g + i. What is the remainder when g is divided by 9?
6
Let x = -1308 + 1435. Calculate the remainder when x is divided by 69.
58
Let q be (10/(-4))/((-1)/2). Suppose 7 + 8 = q*c. Suppose 2*b - a - 48 = 0, -5*b = c*a + 2*a - 150. Calculate the remainder when b is divided by 14.
12
Let l(r) = 2*r**2 - 43*r + 162. What is the remainder when l(27) is divided by 16?
11
Suppose -3*n + 245 = -5*k, -4*k + 4*n + 0*n - 196 = 0. Let a = -3 - k. Calculate the remainder when a is divided by 16.
14
Let a(m) = m. Let b be a(1). Calculate the remainder when (b - -3)/((-5)/(-60)) is divided by (-2)/7 - 242/(-14).
14
Let z be (-10)/45 + 130/18. Let b(i) = 3*i - 18. Let p be b(z). Suppose -p*m + 2*x = -0*m - 61, 4*m = 2*x + 84. What is the remainder when m is divided by 5?
3
What is the remainder when 284128/368 - -6*(-4)/276 is divided by 25?
22
Let z be 14 - 12/(-9)*3. What is the remainder when (z/6)/(1/14) is divided by 15?
12
Let i(q) = q**3 - 14*q**2 + 4*q - 16. Calculate the remainder when 197 is divided by i(14).
37
Suppose -l + 28 + 1 = 4*n, 119 = 3*l - 4*n. Suppose -44 - 6 = -5*k. Calculate the remainder when l is divided by 126/10 - (-4)/k.
11
Calculate the remainder when 166 is divided by 60/(-2 + 60/18).
31
Let w(n) = -n**3 + 10*n**2 + 10*n - 27. Let x be w(10). Suppose 4*d + 9 = x. What is the remainder when 27 is divided by d?
11
Let h(n) = 2*n**3 + 21*n**2 - 6*n + 2. Let y be h(-10). Suppose -y - 20 = -14*w. Calculate the remainder when 49 is divided by w.
10
What is the remainder when 31 is divided by (-840)/(-45) + (-39)/(-9) + -4?
12
Suppose -3*x + 1 + 5 = 0. Suppose 60 - 10 = x*a. What is the remainder when a is divided by 6?
1
Suppose 4*o - 48 = 4*c, -o + 3*c = -0*c - 20. Suppose 0 = 7*q - 30 - 75. Let u = q - -8. Calculate the remainder when u is divided by o.
7
Suppose -125 = -2*p - j, -7*p - 2*j + 128 = -5*p. What is the remainder when p is divided by 18?
7
Suppose 9*p + 280 = 17*p. What is the remainder when 83 is divided by p?
13
Let r(u) = -u**3 + 2*u**2 + 8*u - 10. Let k be r(10). Let i be (8/(-10))/((-4)/k). Let c = i - -227. What is the remainder when c is divided by 21?
18
Let f(m) = 4*m + 1. Suppose -492 + 114 = -9*t. What is the remainder when t is divided by f(2)?
6
Suppose 4*g = 2*w + 3*w - 49, 4*g = -3*w + 55. Let i = 32 - -25. Let m = -21 + i. Calculate the remainder when m is divided by w.
10
Suppose 3*n - 2*q - 3*q = 80, -2*q + 72 = 4*n. Suppose 75 = n*f - 17*f. What is the remainder when 97 is divided by f?
22
Suppose 2*z = -3*z - 5*v + 40, -5*z + 2*v + 5 = 0. Let t = 31 - -11. Calculate the remainder when t is divided by (-91)/(-4) - z/4.
20
Let p(t) = t**2 - 17*t + 29. Let x be p(16). Suppose 12*k = x*k - 20. Calculate the remainder when 178 is divided by k.
18
Let g = -259 + 93. Let j = -89 - g. What is the remainder when j is divided by 20?
17
Let c = 2698 + -2643. Calculate the remainder when c is divided by 114/4 - (-1)/2.
26
Suppose -3*z - n = -27, -5*z + 4*n + 86 - 24 = 0. Let j be 6/(-15) + 64/z. Let i = 17 - j. Calculate the remainder when i is divided by 4.
3
Let p(g) = -g**2 - 7*g - 7. Suppose -9 = -22*n + 25*n. Calculate the remainder when 9 is divided by p(n).
4
Suppose -208 - 27 = -5*j. Let t = 2 - 18. Let q = -4 - t. Calculate the remainder when j is divided by q.
11
Let j = -77 - -113. Let c(o) = 1 + 35*o + 2 - j*o. What is the remainder when 39 is divided by c(-7)?
9
Suppose 8 = p - 3*p. Let r be (-17)/34 + (-38)/p. Suppose 0 = l - 1 - r. What is the remainder when 28 is divided by l?
8
Suppose 0*u - 2*u + 374 = 0. What is the remainder when u is divided by -15 + 45 + (-2)/1 + -1?
25
Let l = 7303 - 7292. What is the remainder when l is divided by (-1)/(-2) - 18/(-4)?
1
Suppose 30 = -5*o - 5*j, 0 = -3*o - 2*j - 0*j - 20. Let g = -11 - -8. Calculate the remainder when ((-28)/o)/(g/(-18)) is divided by 11.
10
Let s(l) = -5*l + 6. Let n be s(-21). Let o = n + -91. What is the remainder when 95 is divided by o?
15
Let z(j) = -j**2 - 4*j + 3. Let y be z(4). Let x = -21 - y. Calculate the remainder when 30 is divided by x.
6
Let f(a) = a**3 + 23*a**2 - 31*a - 45. What is the remainder when f(-24) is divided by 42?
39
Suppose -7*x + 72 = -4*x + 5*o, -4*o + 12 = 0. What is the remainder when 319 is divided by x?
15
Let d = -12 - -13. Suppose -2*h = -4*l + d + 15, l - 4 = -5*h. What is the remainder when 8 + 0 - 0 - -1 is divided by l?
1
Let l = 170 + 79. What is the remainder when l is divided by 4?
1
Suppose 5*y - 3 = 17. Suppose -1 = -4*s + 3*s, 0 = y*n - 2*s - 314. Calculate the remainder when n is divided by 28.
23
Suppose -2*m - 53 - 9 = 0. Let u = m + 51. Calculate the remainder when 1548/u + 2/(-5) is divided by 20.
17
Suppose 10*d - 11*d = 23. Let z = d + 21. Let v = 12 + z. Calculate the remainder when v is divided by 6.
4
Let s = -2 + 21. What is the remainder when 84 is divided by s?
8
Calculate the remainder when 217 is divided by (-5 - (-67 - -3)/2) + -5.
19
Let t be (21/9 + -2)/(4/24). Let s be (-2 + 1 - -1) + 0. Suppose l - 2*i - 12 = 3*i, -t*l + 5*i + 39 = s. What is the remainder when l is divided by 10?
7
Suppose 0 = 5*j - 209 - 61. Calculate the